+ 6*k - p*k = -38. Calculate the remainder when j is divided by b.
10
Suppose -4*u = -3*d - 184, 0 = 3*u + 5*d - 7*d - 138. What is the remainder when 272 is divided by u?
42
Let w(n) = 2*n**2 + 7*n + 3. Let p(f) = -f**2 + f. Let r(g) = -2*p(g) + w(g). Calculate the remainder when r(-5) is divided by 20.
18
Let i(p) = 17*p**2 + 16*p - 30. What is the remainder when i(2) is divided by 37?
33
Let n(q) = -q**2 - 6*q + 33. Calculate the remainder when 28 is divided by n(-9).
4
Suppose -3*j - 42 = -7*j + 2*f, 2*j + 3*f = 25. Calculate the remainder when j is divided by 7.
4
What is the remainder when 702 is divided by (188/(-20))/(2/(-30))?
138
Suppose 9*g + 1002 = -204. Let t = 149 + g. Calculate the remainder when 42 is divided by t.
12
Let a = -213 - -218. Calculate the remainder when 47 is divided by a.
2
Let a = 14 + -10. Calculate the remainder when 73 is divided by (-2)/(a/(-2))*(23 - 8).
13
Let x be (-2)/(-4) + 25/(-2). Let n = 75 + x. What is the remainder when n is divided by 18?
9
What is the remainder when ((-1188)/(-72))/(6/4) is divided by 9?
2
Let a be ((-10)/25)/((-2 + 4)/20). What is the remainder when (-1 - 2 - 4*a)/1 is divided by 4?
1
Let r = 84 - 8. What is the remainder when r is divided by 66/22*22/6?
10
Calculate the remainder when 66 is divided by (-10)/(-30) + (-50)/(-3) + -2.
6
Let r(o) = -2*o + 2. Suppose 2*b - 14 + 4 = 0. Suppose 4*c - 477 = -b*c. What is the remainder when c is divided by r(-6)?
11
Suppose 0 = -6*d + 14*d - 8. Let q be 66 + (-5)/(-5) - d. Calculate the remainder when q/4 - 42/28 is divided by 10.
5
Suppose 0 = 25*b + 29*b - 756. Calculate the remainder when 81 is divided by b.
11
Let u(w) = 12*w**2 + 3*w. Let p(k) = k**3 + 4*k**2 + 4*k - 2. Let d be p(-2). Calculate the remainder when 80 is divided by u(d).
38
Suppose 0 = 4*t + t + 20. Calculate the remainder when 14/((-12)/4 - t) is divided by 9.
5
Suppose -2*v + u = -56, -36*v + 31*v + 150 = -5*u. What is the remainder when 169 is divided by v?
13
Let o = 618 - 615. Let u be 2/(1 - 2) - -23. Suppose u = 7*w - 4*w. Calculate the remainder when w is divided by o.
1
Let r = -20 - -25. Let v = 70 + -57. Calculate the remainder when v is divided by r.
3
Let g = 245 + -116. Let m = -79 + g. What is the remainder when m is divided by 9?
5
Suppose 4*m + 4*o - 3*o - 68 = 0, -2*m + 12 = -5*o. What is the remainder when 52 is divided by m?
4
Suppose 2 + 6 = 4*p. Suppose p + 2 = 2*l. Suppose l*a - 172 = -2*a. Calculate the remainder when a is divided by 11.
10
Suppose -4*p = 4*o - 28, -5*p = 7 + 8. Suppose 7*z = 2*z + o. Suppose -4*m + z*v = -78, -v + 4*v = -5*m + 103. Calculate the remainder when 57 is divided by m.
17
Suppose 4*w - 542 = 5*u, -5*w + 5*u + 266 = -3*w. Suppose 0 = -4*l + w + 2. What is the remainder when l is divided by (-583)/(-66) - 2/(-12)?
8
Suppose 3*n + n + 104 = 5*d, 3*n + 71 = 2*d. Let y = -38 + n. Let q = 103 + y. What is the remainder when q is divided by 23?
21
Suppose -13*g + 159 = 3. What is the remainder when 30 is divided by g?
6
Let z = 23 + -23. Calculate the remainder when 41 is divided by z*(-2)/4 - -15.
11
Suppose -c + 2*c = -2*y + 27, 0 = -5*y - c + 60. What is the remainder when y is divided by (-4)/6*30/(-4)?
1
Let t(s) = -s**2 - 2*s + 6. Let o be t(-10). Let y = 112 + o. Calculate the remainder when y is divided by 10.
8
Let a(r) = 3*r**3 - 47*r**2 - 9*r + 24. What is the remainder when a(16) is divided by 47?
42
Let i be (-37)/((5/2)/(-5)). Suppose -t - 2*k = -38, -i = -3*t + t - 3*k. What is the remainder when t is divided by 18?
16
Let k(x) = 6*x**2 + 14*x + 35. Calculate the remainder when k(-4) is divided by 11.
9
Suppose -13*k + 80 = -12*k. Let v = -9 + 13. Suppose -n = v*n - k. Calculate the remainder when 46 is divided by n.
14
Let m(n) = 15 - 13*n + 6 + 6*n**2 - 12. Suppose -54 = -2*a - a. What is the remainder when m(4) is divided by a?
17
Let o(d) = 2*d + 24. Let b be o(-8). Suppose 0 = 3*s - 20 + b. Let g = -8 + 21. Calculate the remainder when g is divided by s.
1
What is the remainder when -8 + 708 + 7 + -2 is divided by 59?
56
Suppose 2*s + 5 = -3. Let z(l) = l**3 + 5*l**2 - l - 3. Let w(h) = -2*h**3 + h**2 - 2*h - 5. What is the remainder when w(-3) is divided by z(s)?
13
What is the remainder when (618/(-30) - 6)*-5 is divided by 39?
16
Let c(b) = -32*b - 10. Calculate the remainder when c(-7) is divided by (30 + (-11 - -24))/(0 + 1).
42
Let u = -532 - -773. What is the remainder when u is divided by 4?
1
Suppose 5*s = q + s - 21, -3*s - 12 = 0. Suppose -80 = q*d - 0*d. Let l = 15 - d. Calculate the remainder when 121 is divided by l.
28
Let w = -173 + 196. Calculate the remainder when 205 is divided by w.
21
Let l = 225 + -170. Let s(y) = -2*y**3 + y. What is the remainder when l is divided by s(-2)?
13
Let s = 8522 - 8509. Let k = 57 + -10. Calculate the remainder when k is divided by s.
8
Let d(b) be the first derivative of b**4/4 + b**3 + b**2/2 - 3*b + 11. Suppose -y + 24 = -4. What is the remainder when d(3) is divided by y?
26
Let s = -105 - -136. Calculate the remainder when s is divided by ((0 - 1) + -33)/(-2).
14
Suppose -5*n = 25, 0*r - 3*r + 527 = -n. Suppose -4*w = 2*d - r, -d + 2*d + 77 = 2*w. Suppose -4*v + 43 = -w. What is the remainder when v is divided by 4?
1
Suppose -6*d + 4*d = -12. Let k(g) = 2*g + 22. Let v be k(-7). Suppose v + d = o. What is the remainder when o is divided by 5?
4
Suppose 193 - 618 = -5*c - 2*k, 0 = -3*c - 2*k + 259. What is the remainder when 164 is divided by c?
81
Let y(g) = -g**2 + 6*g + 78. What is the remainder when 73 is divided by y(10)?
35
Let k = 170 + -118. What is the remainder when k is divided by 31?
21
Let g = 67 - -25. Suppose 2*l = 3*l - 16. What is the remainder when g is divided by l?
12
Suppose 2*h = -38 - 24. Let n = h - -177. Suppose -q + 3*s + 28 = 2*s, -2*s - n = -5*q. What is the remainder when q is divided by 11?
8
Suppose 3*a = -2*x + 1311, -5*a - 24*x = -20*x - 2185. What is the remainder when a is divided by 9?
5
Let h = 54 - 19. Let a = h + -15. Suppose 2*d - 119 = 5*w, 5*d + 2*w - 433 + 150 = 0. What is the remainder when d is divided by a?
17
Let l = -754 + 780. What is the remainder when 51 is divided by l?
25
Let n(b) = 3*b + 4. Calculate the remainder when 26*(-19)/(-10) + (-2)/5 is divided by n(3).
10
Let y = 14 - 24. Let r(b) = b**3 + 9*b**2 - 11*b + 14. Calculate the remainder when 47 is divided by r(y).
23
Let l(r) = r**2 + 32*r - 149. Suppose -5*d + 3*w = -55, 0 = -4*w - 7 - 13. What is the remainder when l(-37) is divided by d?
4
Let f(n) = n + 114. Calculate the remainder when f(-14) is divided by 16.
4
Let f = 1331 + -1283. What is the remainder when 189 is divided by f?
45
Suppose -3*a + 3 = 0, 13 = 3*b + 3*a + a. Let h(q) = 5*q**3 + 3*q**2 + 2*q + 3. What is the remainder when h(b) is divided by 44?
39
Calculate the remainder when 39 + 2 + -3 + -4 is divided by 5.
4
Let s(y) = 61*y + 17. Calculate the remainder when s(5) is divided by 36.
34
Suppose 292 = -17*i + 19*i. What is the remainder when i is divided by 37?
35
Let c be (-11)/(-2) - (-9)/(-18). Suppose 0 = c*x - 13 - 7, -85 = -3*y + 2*x. Calculate the remainder when y is divided by 17.
14
Let q(r) = r**3 + 9*r**2 - 14*r - 8. Let h be q(-10). Suppose -28*u = -h*u + 24. Calculate the remainder when 11 is divided by u.
5
Let y = -546 + 548. Calculate the remainder when 5 is divided by y.
1
Let t(c) = -c**3 - 22*c**2 - 4*c - 60. Calculate the remainder when t(-22) is divided by 21.
7
Let c(a) = -3*a + 5 + 7 - 11 + 1 + 2*a**2. Calculate the remainder when 29 is divided by c(-2).
13
Let u = 476 - 170. What is the remainder when 50 is divided by (u/45)/(4*3/30)?
16
Let d be 117*(-9 + 8/(-4)). Let b be d/(-21) + 10/(-35). Suppose 5*y - 25 = 0, -2*v + 0*v + 5*y = -b. Calculate the remainder when v is divided by 11.
10
Calculate the remainder when 530 is divided by (-2)/1 + 4 - 370/(-5).
74
Suppose 5 = -3*f + 11. Let p be 1*(-1)/((-1)/f). Suppose -5*s = 3*b - p*b - 29, 10 = 5*b - 2*s. What is the remainder when 5 is divided by b?
1
Let z = -1159 - -1265. Suppose -2*o = 2*o - 108. What is the remainder when z is divided by o?
25
Calculate the remainder when (-60)/75 + 7063/35 is divided by 84.
33
What is the remainder when (5/30*-3)/(3/(-150)) is divided by ((-6)/2)/((